remainder when 46 is divided by p?
10
Let x = -190 + 220. Calculate the remainder when x is divided by 9.
3
Suppose 4*q - 81 = -3*v, q + 0*v = -4*v + 4. Let y = q + -2. Calculate the remainder when 65 is divided by y.
21
Suppose 174 = 7*q - 36. Suppose 0 = -2*s - 19 - 5. Let d = -4 - s. What is the remainder when q is divided by d?
6
Suppose 4*u + 72 + 28 = 0. Let c = u - -31. What is the remainder when 32 is divided by (-6)/9 - (-46)/c?
4
Let n be ((-42)/4)/7*16. Let d = n - -9. What is the remainder when 4/(-10) - 1611/d is divided by 27?
26
Suppose 0*u - 5*u + 23 = x, 2*u - 5*x + 7 = 0. Suppose -p + 66 = f - 3*p, -u*f = -2*p - 246. Calculate the remainder when f is divided by 31.
29
Suppose s + s = 0. Let q = s - -2. Suppose -3*j = -8*j - q*r + 334, 0 = 4*j - 2*r - 278. Calculate the remainder when j is divided by 23.
22
Suppose 0 = 2*n - 521 + 307. What is the remainder when 219 is divided by n?
5
Let w be -1 - 1 - (-8 + 2 - -4). Let b = w + 19. What is the remainder when 70 is divided by b?
13
Suppose 0*v = r - 2*v - 12, -v = 0. Suppose r*s - 1750 = 86. What is the remainder when s is divided by 41?
30
Suppose -3*v - i = -2*i + 3, -4 = -4*v + 4*i. Suppose 19*l - 357 = 2*l. Calculate the remainder when (v + (-14)/(-4))*26 is divided by l.
18
Let s = 52 + -46. Suppose 2*m = -s*m + 504. What is the remainder when m is divided by 13?
11
Suppose 9*n = -302 + 2291. Calculate the remainder when n is divided by 15.
11
Let c = -81 + 27. Let h = -38 - c. Suppose 3*j - 4*d = -3*d + 89, -3*d = -12. What is the remainder when j is divided by h?
15
Let t(v) = 3*v**2 + 7*v + 8. Calculate the remainder when t(-2) is divided by 4.
2
Let p = -291 + 296. What is the remainder when 21 is divided by p?
1
Let f = -11 - -39. Suppose -5*k + 4*h = -45 - 43, 0 = 3*k - 5*h - 58. What is the remainder when f is divided by k?
12
Let t = 3 + -1. Let w = -429 - -438. Calculate the remainder when w is divided by t + (2 - (-1 - 0)).
4
Suppose -234 + 22 = -4*f. Let g = -97 + 95. What is the remainder when f is divided by 8 - (g - (4 - 1)/3)?
9
Suppose -11*v + 312 = 2*v. What is the remainder when 238 is divided by v?
22
Let w(j) = -3*j + 16. Suppose 5*a + 68 - 43 = 0. Calculate the remainder when 58 is divided by w(a).
27
Suppose b + 5 + 3 = 0. Let y = b - -18. Calculate the remainder when 19 is divided by y.
9
Suppose -4*t + 35 = 5*k, -1 = -5*k + 3*k + t. Suppose -4 + 44 = -2*g. Let m = -12 - g. What is the remainder when m is divided by k?
2
Suppose 5*d = 9*d. Suppose -3*m = -d*m - 78. What is the remainder when m is divided by 15?
11
Suppose 0 = z + 3, -4*l + 5*z - 20 + 259 = 0. Suppose 2*n - u - 6 = 18, 0 = 4*n + 2*u - l. Calculate the remainder when 101 is divided by n.
10
Let l = 98 - -365. What is the remainder when l is divided by 78?
73
Suppose 4*g = -3*x - 35, g + 0*x + 2*x + 10 = 0. Let j = 6 - g. Let p = 1 - -4. Calculate the remainder when j is divided by p.
4
Let s be -1 + 0 - -1 - -76. Let c = 52 - s. Calculate the remainder when 93 is divided by 30/(-1)*c/30.
21
Let c(j) = -11*j + 4*j**2 - j**3 + 7 + 3*j**2 + 3*j**2 - j**2. What is the remainder when c(7) is divided by ((-4)/(-2))/(2/8)?
4
Calculate the remainder when (-28)/(-12) - (-28628)/102 is divided by 97.
89
Let v be -1 + (4 - 4) + 3. What is the remainder when 44 + 1/v*-2 is divided by 11?
10
Let q(r) = 9*r**3 - 129*r**2 + 11*r + 17. Calculate the remainder when q(15) is divided by 59.
57
Suppose 3*y - 2*x - 167 = 0, -2*y - 2*x + 5*x = -103. What is the remainder when y is divided by 16?
11
Let s(q) = -q + 19. Suppose 0 = -3*z - n - 9, -12 = 5*z - z + n. What is the remainder when 1368/30 - z/(-5) is divided by s(7)?
9
Let z = 84 - -26. Suppose 0 = -3*v + 4*h + 4 + 10, 2*v + 3*h = -2. Suppose -58 = -m - 3*o, 4*o + v - z = -2*m. What is the remainder when m is divided by 16?
14
Let l = -4 - -15. Let n(k) = k - 8. Let r be n(l). Suppose -r*y = -o - 4, 8 + 7 = 5*y. What is the remainder when 12 is divided by o?
2
Suppose 70 = z + 4*z. Let q(l) = -158*l**3 + l**2 + l - 2. Let k be q(1). Let f = -105 - k. Calculate the remainder when f is divided by z.
11
Let s = -397 + 439. Calculate the remainder when 51 is divided by s.
9
Let h(k) = -2*k - 18. Suppose -2*o + o - 5 = -p, p - 5 = 2*o. Suppose -2*w - 10 = o, -3*n - 4*w = -8 - 65. What is the remainder when n is divided by h(-13)?
7
Suppose -l + 122 = 9*o - 5*o, 0 = 5*o + 20. Calculate the remainder when l is divided by 13.
8
Suppose 10*p = 12*p - 3*s - 71, -5*p + 5*s = -175. Calculate the remainder when p is divided by 27.
7
Suppose -5*o + 3*l + 74 = 0, 2*o - 17 = 4*l - 7*l. Let x(w) = 21*w + 12. Let u be x(-7). What is the remainder when (2 - u/(-10))*-2 is divided by o?
10
Let j be (6 + -10)*(-2 - -1). Suppose -3*k + 2*a - 4*a + 49 = 0, -j*k = -5*a - 73. Let n = -12 + 21. Calculate the remainder when k is divided by n.
8
Suppose u + 41*l = 40*l + 24, 23 = u + 2*l. What is the remainder when 422 is divided by u?
22
Let f be 22*(4/((-8)/(-2)))/(-1). Let g = -5 - f. Calculate the remainder when g is divided by 5.
2
Let t(b) = -5*b + 267. Suppose -5*i = -2*i - 459. What is the remainder when i is divided by t(49)?
21
Suppose 5*u + 0*u - 115 = 0. Let a be ((-1)/(-2) - 3)/(3/(-6)). Suppose 28 = 5*n - n + 4*j, a*n - 4*j = 80. What is the remainder when u is divided by n?
11
Let z be (4/1)/((-4)/(-14)). Let k = z + 9. Calculate the remainder when 68 is divided by k.
22
Let b(j) = -12*j**2 - 1. Let t be b(1). Let i = 23 + t. Suppose 0 = -4*c - 5*a + 62, 2*a + 11 + 65 = 4*c. Calculate the remainder when c is divided by i.
8
What is the remainder when (((-16)/10)/4)/((-5)/150) is divided by 6?
0
Calculate the remainder when 116 is divided by ((-1)/(-1) - -27) + (-160)/40.
20
Let k = -20 - -18. Let v be (-56)/k + (8 - 12). Calculate the remainder when 13 is divided by ((-36)/v)/(6/(-32)).
5
Let o be 0 + 6/2 - 1. Suppose 8 = -o*x, -4*c + 124 = -4*x - x. What is the remainder when 76 is divided by c?
24
Let s(r) = 2*r + 25. Calculate the remainder when 19 is divided by s(-7).
8
Calculate the remainder when 167 is divided by 2112/39 - (296/(-104) - -3).
5
Let k(n) = n**2 + 8*n - 8. Let o be k(-10). Suppose -8*h = -o*h + 80. Calculate the remainder when 51 is divided by (-10)/h + (-37)/(-2).
15
Suppose m = -0*m + 3. Let p be (9/(-3) - -4) + 9. Suppose -5*t + 10 = 2*g, 2*g - 4*t + 7*t - p = 0. What is the remainder when g is divided by m?
2
Suppose 5*k - k - 108 = 0. Let c = 118 + -39. What is the remainder when c is divided by k?
25
Let t(g) = 2*g**2 - 3*g - 9. Let r(o) = -o**3 + 15*o**2 - 14*o - 4. Let x be r(14). Calculate the remainder when 101 is divided by t(x).
31
Let w(d) = 2 + 4 - d + 11 - 4. Calculate the remainder when 20 is divided by w(7).
2
Let l(o) = 5*o**2 + o + 5*o**2 - 9*o**2. Let d be l(-3). Suppose 4*a - 38 = -d. Calculate the remainder when 38 is divided by a.
6
Suppose -3*p + 0*s = s - 2, 3*p + 4 = 2*s. Suppose -d - 3*d - 88 = p. Let l = 38 + d. What is the remainder when 60 is divided by l?
12
Suppose 0 = -158*k + 156*k + 4*z + 30, -4*z = -20. Calculate the remainder when k is divided by 9.
7
Let v = 38 + -22. Let x = -6590 - -6685. What is the remainder when x is divided by v?
15
Let i(b) = 5*b**2 - 6. Let a = -90 + 185. Calculate the remainder when a is divided by i(2).
11
Suppose l + 4*l - r - 120 = 0, -l + 3*r = -38. Suppose -18 = -11*c + 5*c. Calculate the remainder when l is divided by c.
2
Suppose 0 = -3*i - 7 - 8. Let x = i + 24. Calculate the remainder when 75 is divided by x.
18
Let n = 74 - 96. Calculate the remainder when 19 is divided by (4/8)/((-1)/n).
8
Let l = -787 - -831. What is the remainder when 51 is divided by l?
7
Let z = -1337 - -1767. Calculate the remainder when z is divided by 14.
10
Let u = -28 + 47. Calculate the remainder when 32 is divided by u.
13
Suppose 3*q - 1457 = -4*z - z, -4*z - 2*q + 1166 = 0. Suppose -5*s + 7*s - z = 0. What is the remainder when s is divided by 37?
35
Let y(m) = 13 + 16 + 4 - m + 0*m. What is the remainder when y(19) is divided by 9?
5
Let t(g) = 2*g**2 + 4*g + 12. Let d(b) = -b**2 - 6*b + 11. Let o be d(-8). What is the remainder when t(o) is divided by 9?
6
Let c(i) = -2*i + i**3 + 3*i - 6 + 9*i**2 + i - 1. What is the remainder when c(-6) is divided by (-3 - -1) + -2 - -34?
29
Let